{"id":39,"date":"2020-08-24T20:52:43","date_gmt":"2020-08-24T20:52:43","guid":{"rendered":"http:\/\/dilger-sprachprofi.de\/?page_id=39"},"modified":"2020-08-25T20:24:49","modified_gmt":"2020-08-25T20:24:49","slug":"konferenzberatung","status":"publish","type":"page","link":"https:\/\/dilger-sprachprofi.de\/en\/konferenzberatung\/","title":{"rendered":"Konferenzberatung"},"content":{"rendered":"\n<p>Legen Sie die Organisation Ihrer Konferenz in<br>bew\u00e4hrte H\u00e4nde! Gern kl\u00e4re ich f\u00fcr Sie alle Fragen<br>rund ums Dolmetschen:<\/p>\n\n\n\n<ul class=\"wp-block-list\"><li>geeignete Konferenztechnik<br>(feste Kabine oder mobile Dolmetschanlage)<\/li><li>kompetentes Team aus qualifizierten Fachdolmetschern<\/li><li>rechtzeitige \u00dcbersetzung des Vorbereitungsmaterials<\/li><li>zuverl\u00e4ssige Betreuung w\u00e4hrend der Veranstaltung und Feedback<\/li><\/ul>\n","protected":false},"excerpt":{"rendered":"<p>Legen Sie die Organisation Ihrer Konferenz inbew\u00e4hrte H\u00e4nde! Gern kl\u00e4re ich f\u00fcr Sie alle Fragenrund ums Dolmetschen: geeignete Konferenztechnik(feste Kabine oder mobile Dolmetschanlage) kompetentes Team aus qualifizierten Fachdolmetschern rechtzeitige \u00dcbersetzung des Vorbereitungsmaterials zuverl\u00e4ssige Betreuung w\u00e4hrend der Veranstaltung und Feedback<\/p>\n","protected":false},"author":1,"featured_media":0,"parent":0,"menu_order":4,"comment_status":"closed","ping_status":"closed","template":"","meta":{"footnotes":""},"class_list":["post-39","page","type-page","status-publish","hentry"],"translation":{"provider":"WPGlobus","version":"3.0.2","language":"en","enabled_languages":["de","en","ru"],"languages":{"de":{"title":true,"content":true,"excerpt":false},"en":{"title":false,"content":false,"excerpt":false},"ru":{"title":false,"content":false,"excerpt":false}}},"_links":{"self":[{"href":"https:\/\/dilger-sprachprofi.de\/en\/wp-json\/wp\/v2\/pages\/39","targetHints":{"allow":["GET"]}}],"collection":[{"href":"https:\/\/dilger-sprachprofi.de\/en\/wp-json\/wp\/v2\/pages"}],"about":[{"href":"https:\/\/dilger-sprachprofi.de\/en\/wp-json\/wp\/v2\/types\/page"}],"author":[{"embeddable":true,"href":"https:\/\/dilger-sprachprofi.de\/en\/wp-json\/wp\/v2\/users\/1"}],"replies":[{"embeddable":true,"href":"https:\/\/dilger-sprachprofi.de\/en\/wp-json\/wp\/v2\/comments?post=39"}],"version-history":[{"count":1,"href":"https:\/\/dilger-sprachprofi.de\/en\/wp-json\/wp\/v2\/pages\/39\/revisions"}],"predecessor-version":[{"id":40,"href":"https:\/\/dilger-sprachprofi.de\/en\/wp-json\/wp\/v2\/pages\/39\/revisions\/40"}],"wp:attachment":[{"href":"https:\/\/dilger-sprachprofi.de\/en\/wp-json\/wp\/v2\/media?parent=39"}],"curies":[{"name":"wp","href":"https:\/\/api.w.org\/{rel}","templated":true}]}}

<p>Legen Sie die Organisation Ihrer Konferenz in<br>bewährte Hände! Gern kläre ich für Sie alle Fragen<br>rund ums Dolmetschen:</p>



<ul class="wp-block-list"><li>geeignete Konferenztechnik<br>(feste Kabine oder mobile Dolmetschanlage)</li><li>kompetentes Team aus qualifizierten Fachdolmetschern</li><li>rechtzeitige Übersetzung des Vorbereitungsmaterials</li><li>zuverlässige Betreuung während der Veranstaltung und Feedback</li></ul>

<p>Legen Sie die Organisation Ihrer Konferenz inbewährte Hände! Gern kläre ich für Sie alle Fragenrund ums Dolmetschen: geeignete Konferenztechnik(feste Kabine oder mobile Dolmetschanlage) kompetentes Team aus qualifizierten Fachdolmetschern rechtzeitige Übersetzung des Vorbereitungsmaterials zuverlässige Betreuung während der Veranstaltung und Feedback</p>
